{"id":813,"date":"2017-03-01T11:28:26","date_gmt":"2017-03-01T10:28:26","guid":{"rendered":"http:\/\/www.rockverband.de\/2017\/?page_id=813"},"modified":"2017-03-01T16:36:26","modified_gmt":"2017-03-01T15:36:26","slug":"benjamin-ferrer-3","status":"publish","type":"page","link":"https:\/\/www.rockverband.de\/2017\/?page_id=813","title":{"rendered":"Projekte"},"content":{"rendered":"<p>Der BRV verfolgt vielf\u00e4ltige Projekte zur F\u00f6rderung der Kulturarbeit im Bereich Popularmusik. Dazu z\u00e4hlen folgende Projekte: die j\u00e4hrlichen Rockwettbewerbe, Workshops, Studioarbeit, \u00dcnterst\u00fctzung von Konzertplattformen, Technikverleih und eigene Events. Einige Beispiele unserer Arbeit findet Ihr nachfolgend.<\/p>\n<div class=\"ce_text block\">\n<h4><a href=\"http:\/\/www.rockverband.de\/2017\/wp-content\/uploads\/2017\/03\/concert-1034041.jpg\"><img loading=\"lazy\" decoding=\"async\" class=\"alignleft size-large wp-image-881\" src=\"http:\/\/www.rockverband.de\/2017\/wp-content\/uploads\/2017\/03\/concert-1034041-1024x683.jpg\" alt=\"\" width=\"819\" height=\"537\" \/><\/a><\/h4>\n<h4><\/h4>\n<h4>&#8222;local heroes&#8220; Brandenburg (Landesrockwettbewerb)<\/h4>\n<p>Der offizielle Wettbewerb sucht die beste Band bzw. das beste Popularmusikprojekt im Land Brandenburg. Doch nicht nur die Gewinner profitieren hier! Der BRV bewertet in einem gemeinsamen Verfahren von Jury, Publikum und Teilnehmern die einzelnen Beitr\u00e4ge und vergibt j\u00e4hrlich Preise, von finanzellen Unterst\u00fctzungen des Projektes oder Einzelleistungen \u00fcber Coachings mit renomierten Musikern bis hin zu attraktiven Auftritten (bei gro\u00df Events), an die Teilnehmer.<\/p>\n<p><a href=\"http:\/\/www.rockverband.de\/2017\/?page_id=93\">mehr erfahren &#8230;<\/a><\/p>\n<\/div>\n<div class=\"ce_text block\">\n<h4>Rock &#8211; mobil<\/h4>\n<p>Das Projekt besteht aus\u00a0 einem kompletten Bandequipment f\u00fcr den mobilen und station\u00e4ren Einsatz. Tr\u00e4ger des Projektes ist der BRV in Zusammenarbeit mit dem Musikerklub Belzig. Das Rockmobil dient Kindern und Jugendlichen, die keine finanziellen, r\u00e4umlichen oder materiellen M\u00f6glichkeiten haben, Musik zu machen, die keinen Zugang zu Musikschulen und Vereinen haben, mit schwierigen Biographien leben oder sonst irgendwie benachteiligt sind.<\/p>\n<\/div>\n<div class=\"ce_text block\">\n<h4>Studio &amp; Prober\u00e4ume<\/h4>\n<p>Als Mitglieder habt ihr die M\u00f6glichkeit, Aufnahme-Studios von BRV-Mitgliedern kosteng\u00fcnstiger zu mieten. So stehen zum Beispiel das &#8222;Sunwood-Studio&#8220; in Sonnenwalde, das Studio von Frank Schmidt &#8222;Multi Medial Cooperative&#8220; in Cottbus oder das &#8222;POGO-Studio&#8220; in Belzig zur Verf\u00fcgung, um euer Demo oder eure CD mit professioneller Technik zu produzieren. Prober\u00e4ume gibt es derzeit in Belzig, Wriezen, Potsdam und Cottbus.<\/p>\n<\/div>\n<div class=\"ce_text block\">\n<h4>Workshops<\/h4>\n<p>Der BRV f\u00fchrt regelm\u00e4\u00dfig Workshops in unterschiedlichen Bereichen durch: &#8211; GEMA \/ Vertragsrecht, &#8211; Technik \/ Ton, &#8211; Instrumente.<br \/>\nWenn ihr eigene W\u00fcnsche habt, k\u00f6nnt ihr sie vorlegen und wir versuchen einen Workshop in diesem Bereich zu organisieren. Mitglieder k\u00f6nnen selbst gegen Bezahlung geeignete Workshops durchf\u00fchren.<\/p>\n<p><a href=\"http:\/\/www.rockverband.de\/2017\/?page_id=852\">mehr erfahren &#8230;<\/a><\/p>\n<\/div>\n<div class=\"ce_text block\">\n<h4>Veranstaltungstechnik &amp; Auftrittsm\u00f6glichkeiten<\/h4>\n<p>Um Nachwuchsbands noch besser unter die Arme zu greifen, stellt euch der Rockverband Adressen von PA-Verleihern zur Verf\u00fcgung, bei denen ihr gegen Vorlage des Mitglieder-Ausweises Equipment kosteng\u00fcnstiger mieten k\u00f6nnt. Zudem bieten wir in Zusammenarbeit mit Partnern j\u00e4hrlich verschiedene M\u00f6glichkeiten eurer K\u00f6nnen der \u00d6ffentlichkeit zug\u00e4nglich zu machen. Meldet euch einfach bei Interesse.<\/p>\n<\/div>\n","protected":false},"excerpt":{"rendered":"<p>Der BRV verfolgt vielf\u00e4ltige Projekte zur F\u00f6rderung der Kulturarbeit im Bereich Popularmusik. Dazu z\u00e4hlen folgende Projekte: die j\u00e4hrlichen Rockwettbewerbe, Workshops,&hellip; <\/p>\n","protected":false},"author":1,"featured_media":311,"parent":0,"menu_order":0,"comment_status":"closed","ping_status":"closed","template":"","meta":{"footnotes":"","_links_to":"","_links_to_target":""},"class_list":["post-813","page","type-page","status-publish","has-post-thumbnail","hentry"],"_links":{"self":[{"href":"https:\/\/www.rockverband.de\/2017\/index.php?rest_route=\/wp\/v2\/pages\/813","targetHints":{"allow":["GET"]}}],"collection":[{"href":"https:\/\/www.rockverband.de\/2017\/index.php?rest_route=\/wp\/v2\/pages"}],"about":[{"href":"https:\/\/www.rockverband.de\/2017\/index.php?rest_route=\/wp\/v2\/types\/page"}],"author":[{"embeddable":true,"href":"https:\/\/www.rockverband.de\/2017\/index.php?rest_route=\/wp\/v2\/users\/1"}],"replies":[{"embeddable":true,"href":"https:\/\/www.rockverband.de\/2017\/index.php?rest_route=%2Fwp%2Fv2%2Fcomments&post=813"}],"version-history":[{"count":14,"href":"https:\/\/www.rockverband.de\/2017\/index.php?rest_route=\/wp\/v2\/pages\/813\/revisions"}],"predecessor-version":[{"id":928,"href":"https:\/\/www.rockverband.de\/2017\/index.php?rest_route=\/wp\/v2\/pages\/813\/revisions\/928"}],"wp:featuredmedia":[{"embeddable":true,"href":"https:\/\/www.rockverband.de\/2017\/index.php?rest_route=\/wp\/v2\/media\/311"}],"wp:attachment":[{"href":"https:\/\/www.rockverband.de\/2017\/index.php?rest_route=%2Fwp%2Fv2%2Fmedia&parent=813"}],"curies":[{"name":"wp","href":"https:\/\/api.w.org\/{rel}","templated":true}]}}